3 - 293. List the prime factors of n.
2, 3, 7
List the prime factors of 0/(-5 - -3) - -84.
2, 3, 7
Let f(n) = n**2 + 5*n - 8. Let m be f(6). Let i = m + -33. Suppose 5*k = i, 2*x - 16 = -k - 1. What are the prime factors of x?
5
Let v = -20 - -22. List the prime factors of 416/20*5/v.
2, 13
Let t be (-13*2)/(-1) - 1. Suppose -5*v + 0*v = -t. Suppose -3*f - 5*l = -51 + v, -f + 3*l + 20 = 0. List the prime factors of f.
17
Suppose 2*p - 5 = 3. Suppose -p = -4*o + 28. What are the prime factors of o?
2
What are the prime factors of (-2)/4 + (-1320)/(-16)?
2, 41
Let y(x) = 2*x**2 + x - 4. What are the prime factors of y(7)?
101
Suppose 5*j + 3*c - 2 = -1, -2 = -4*j - 2*c. Suppose 4*q = 8, 0 = j*o - 3*q - 1 - 3. List the prime factors of o.
5
Suppose -4*o = -3*o - 57. List the prime factors of o.
3, 19
Let k = -4 + 36. Suppose k = 3*x + x. Suppose x + 10 = 2*h. List the prime factors of h.
3
Suppose k - 3 + 5 = 0. Let o(j) = -j**3 - 2*j**2 - j + 1. Let y be o(k). List the prime factors of (y - 4)*-1*6.
2, 3
Let g = 25 + -21. List the prime factors of g.
2
Let g(b) = b**2 + 9*b + 6. Let v be g(-7). Let o = 1 + v. List the prime factors of (-2 - o)*4/5.
2
Let h = -14 - 15. Let j = h + 55. What are the prime factors of j?
2, 13
Let r = 6 - -1. Let t(a) = 5*a**3 + 23*a**2 - 15*a - 3. Let z(l) = -l**3 - 6*l**2 + 4*l + 1. Let m(p) = -2*t(p) - 9*z(p). What are the prime factors of m(r)?
2
Suppose -8 = 5*t + 32. Let v(s) = -31 - s + 81 - 42. List the prime factors of v(t).
2
What are the prime factors of (-2 + 5)*32/3?
2
Let g(r) = r**3 + 6*r**2 + 3*r - 4. Suppose -4*m + 26 = 3*d, 13 = -2*d + 6*d + m. Let j = -7 + d. List the prime factors of g(j).
2, 3
Let r be 4/(3 + 0 + -1). Suppose 3*t + 8 = -2*t + 2*j, -r*j + 8 = 5*t. Suppose -2*a = -3*z - t*z + 17, -2*z = -4*a - 6. List the prime factors of z.
7
Let b(f) = 9*f + 0 - 3 + 4 - 3*f. Let x(m) = m**3 + 2*m**2 - 4*m - 2. Let n be x(-3). What are the prime factors of b(n)?
7
Let h = 0 - 0. Suppose -175 = -5*n + 5*m, 5*n - 4*m - 172 = -h*n. Suppose 2*r + 2*r - n = 0. List the prime factors of r.
2
Let d = -6 + 8. Suppose 2*p - 5*g = -22, d*p - 18 + 0 = -5*g. Let t = p + 4. What are the prime factors of t?
3
What are the prime factors of ((-366)/(-10))/(1/5)?
3, 61
Let c = 7 - 5. Suppose 1 = g - 5*u, -u + 4*u = c*g - 16. What are the prime factors of g?
11
Suppose -4*x - j = -1220, -x + 3*x - j = 610. List the prime factors of x.
5, 61
Suppose -p = -5*p - 32. Let f be (-2 - -4) + p/(-4). Suppose -q - f*d + 22 = -0*d, -34 = -5*q - d. What are the prime factors of q?
2, 3
Let k be (6/4)/((-2)/(-32)). Suppose 4*y = 4*w + k, -w - 3 = -2*y + 11. List the prime factors of y.
2
Let g = 0 + 2. Let h be (-3)/((-2)/(-2)) - -5. Let s = g + h. List the prime factors of s.
2
Suppose -u = -0*u - 6. Let v(w) = w**3 + 4*w**2 - 4*w + 7. Let o be v(-5). Let p = u - o. What are the prime factors of p?
2
Suppose 2*q - 2 = 4*f + 2, f = -3*q + 6. Suppose -d + 10 = d - 2*a, 0 = d - q*a - 6. List the prime factors of d.
2
Let z(n) = 2*n**2 + 9*n + 2. Let a be z(-6). Suppose 2*y = -3*t + 3, 0 = 5*y + 4 + 11. Suppose -a = -4*d, -5 = 4*i + t*d - 28. List the prime factors of i.
2
Suppose 4*m = 2*m. Suppose -2*z + 7*z - 35 = m. What are the prime factors of z?
7
Suppose 4*n - 60 = 4. Let b = n - 6. What are the prime factors of b?
2, 5
Let u(t) = 2*t - 12. Let h be u(8). Suppose 77 = -h*k - 5*w, -k - 2*w + 12 = -7*w. What are the prime factors of k*((-1 - -1) + -1)?
13
Let v = 94 + -64. Suppose v = 2*p + w - 26, 5*p = 5*w + 155. What are the prime factors of p?
29
Let a = -14 + 17. Suppose a*n = -48 + 141. What are the prime factors of n?
31
Let r(a) = -a - 7. Let c be r(-7). Suppose -2*w + 9 + 23 = c. List the prime factors of w.
2
Let u = 56 - -22. List the prime factors of u.
2, 3, 13
Let p = -134 - -71. Let x = p - -118. What are the prime factors of x?
5, 11
What are the prime factors of (2/(-5))/(2/(-40))?
2
Suppose -152 = -4*o + i, -3*i + 128 = 4*o + 2*i. Suppose -29 = c - 2*n - 12, 0 = 3*c + n + o. What are the prime factors of (-2)/(-3) + c/(-3)?
5
List the prime factors of (-10)/(-15)*((-1 - 1) + 311).
2, 103
Let l(n) = -n**3 - 5*n**2 + n - 2. Let f be l(-5). Let s(u) = u**3 + 6*u**2 - 9*u - 3. List the prime factors of s(f).
11
Let l = 96 - -41. Suppose 3*t - l - 4 = 0. List the prime factors of t.
47
Let u be (-10)/4 + (-3)/(-2). Let n = u + 14. List the prime factors of n.
13
Suppose 0 = -4*m + 10*m. Let j = 33 + m. List the prime factors of j.
3, 11
Let w = -36 + 61. List the prime factors of w.
5
What are the prime factors of ((-27)/6 + 4)*-146?
73
Let v = 21 + -13. Suppose -v*s + 95 = -3*s. Let d = s - 3. List the prime factors of d.
2
Suppose 4*m - 3*q - 45 = 33, 0 = -5*m + 3*q + 96. Suppose 4*z - 86 - m = 0. List the prime factors of z.
2, 13
Suppose 4*y = -13 + 1. List the prime factors of y/6*4*-5.
2, 5
Suppose -103 = -4*a + 173. What are the prime factors of a?
3, 23
Suppose m + i = 0, 3*m = -0*m + i + 8. List the prime factors of (4/6)/m*30.
2, 5
Let g be 2 + -1 + 2 + -1. Suppose -z + 4*r = -g*z - 5, -50 = -5*z + 5*r. Suppose z*b = 2*b + 40. List the prime factors of b.
2
Let s(g) = g**3 - 3*g**2 + 3*g + 4. Let w be s(4). What are the prime factors of (9/(-4))/((-6)/w)?
2, 3
Suppose b - 3*n = -10 - 11, -3*b - 53 = -4*n. Suppose 5*l - 10 = 5. Let p = l - b. What are the prime factors of p?
2, 3
Let t(p) be the first derivative of p**3/3 + 5*p**2/2 + 11*p + 4. List the prime factors of t(-5).
11
Let x be (-72)/(-7) + (-2)/7. What are the prime factors of 10/4*36/x?
3
Suppose -1182 = -6*j + 3*j + 4*s, 0 = -4*j - 2*s + 1576. List the prime factors of j.
2, 197
Let v be (42/3)/(-1) - 1. Let n = v + 10. Let g(k) = -k + 7. List the prime factors of g(n).
2, 3
Let o(d) = -3*d**2 - 2. Let x(w) = -2*w**2 - 2. Let k(i) = 3*o(i) - 4*x(i). Let h(l) = -l**3 - 4*l**2 - l - 4. Let z be h(-4). List the prime factors of k(z).
2
Let b(s) = -3*s**3 + 3*s**2 - 3*s + 1. Let o be b(3). Let q = o - -95. What are the prime factors of q?
3, 11
Suppose -4*w = -3*u - 14, -4*u + 5*w - 9 = 8. Let d be (9/(-2) - u)*-2. Let b = 22 - d. List the prime factors of b.
3
Suppose -5*p - 5 = 5. Let u = -1 - p. Suppose -h - u + 7 = 0. What are the prime factors of h?
2, 3
Suppose 2*v = -3*v + 10, -5*u = 2*v - 24. Let q(c) = 2*c**2 - 3. List the prime factors of q(u).
29
Suppose 0 = -2*r - r + 81. List the prime factors of r.
3
Let x be -1*10/4*-2. Suppose -x*k = 5*s - 65, 2*s + 0*s + 29 = 3*k. What are the prime factors of k?
11
Let j be (20/(-8) + 3)*172. Let m = -47 + j. What are the prime factors of m?
3, 13
Let h = -4 + 9. Suppose h*r = -117 - 13. Let m = -17 - r. What are the prime factors of m?
3
Let z(i) be the second derivative of -2*i + 1/12*i**4 + 0 + 2/3*i**3 - 3*i**2. List the prime factors of z(-6).
2, 3
Suppose 0 = 12*c - 6*c - 636. List the prime factors of c.
2, 53
Suppose 5 = -3*n - 4. Let b = n - -3. Suppose -25 = -v - 4*u - 6, b = 4*u - 16. List the prime factors of v.
3
Suppose -2*v = -3*v. What are the prime factors of v - 1*(-24)/3?
2
Let w be 4*9/6 + -3. Let c = w - 1. Suppose -3*y + 30 = 3*n, c*n = 3*y + 24 + 21. List the prime factors of n.
3, 5
Suppose 0 = -c - c + 30. List the prime factors of c.
3, 5
Let g = 22 - 5. What are the prime factors of g?
17
Let d(v) = 100*v**3 + v + 1. Let g be d(-1). Let l = -70 - g. What are the prime factors of l?
2, 3, 5
Let m = -2 + 2. Suppose k = -m*k + 2. Suppose 0*l - 3*l + 13 = -k*v, 3*v + 23 = 5*l. List the prime factors of l.
7
List the prime factors of 708/18 + 6 - 2/(-3).
2, 23
Let x(g) = g**2 + 2*g + 1. Let u be x(-3). Let v = 7 + u. What are the prime factors of 130/v + 4/22?
2, 3
Suppose 3*i = i + 2. Let x = 21 + -14. Suppose i - x = -q. What are the prime factors of q?
2, 3
Let w(j) = 108*j - 5. List the prime factors of w(1).
103
Suppose 8 = 2*q - 2. Suppose y = 4*o + 48, -o + 3*o = -q*y + 196. What are the prime factors of y?
2, 5
Let g(i) = i**2 + 3*i + 2. Let x be g(-2). Suppose x = z + 5*p - 7, p + 1 = 2*p. List the prime factors of z.
2
Let q be (-1)/((-1)/4 - 0). Let f be ((-4)/4)/((-2)/q). Suppose -15 = -5*b, f*b = -3*p + b + 15. What are the prime factors of p?
2
Let c = 16 - 4. Suppose 3*a = 3 + c. Suppose a*d - 73 = -18. List the prime factors of d.
11
Suppose -97 = -